ainder when 1124 is divided by 127.
108
Calculate the remainder when 71 is divided by 43.
28
What is the remainder when 1493 is divided by 74?
13
What is the remainder when 919 is divided by 40?
39
Calculate the remainder when 314 is divided by 67.
46
What is the remainder when 54 is divided by 14?
12
What is the remainder when 117 is divided by 31?
24
What is the remainder when 137 is divided by 32?
9
Calculate the remainder when 162 is divided by 78.
6
Calculate the remainder when 787 is divided by 130.
7
What is the remainder when 5384 is divided by 5?
4
What is the remainder when 621 is divided by 209?
203
Calculate the remainder when 217 is divided by 39.
22
Calculate the remainder when 277 is divided by 9.
7
Calculate the remainder when 2920 is divided by 195.
190
What is the remainder when 6979 is divided by 20?
19
Calculate the remainder when 84 is divided by 10.
4
What is the remainder when 62 is divided by 47?
15
What is the remainder when 126 is divided by 32?
30
What is the remainder when 402 is divided by 205?
197
Calculate the remainder when 554 is divided by 139.
137
Calculate the remainder when 251 is divided by 63.
62
Calculate the remainder when 42 is divided by 23.
19
Calculate the remainder when 127 is divided by 45.
37
What is the remainder when 709 is divided by 318?
73
Calculate the remainder when 135 is divided by 55.
25
What is the remainder when 401 is divided by 31?
29
Calculate the remainder when 7103 is divided by 203.
201
Calculate the remainder when 1727 is divided by 48.
47
What is the remainder when 835 is divided by 85?
70
What is the remainder when 60 is divided by 21?
18
Calculate the remainder when 640 is divided by 127.
5
What is the remainder when 355 is divided by 30?
25
Calculate the remainder when 63 is divided by 16.
15
What is the remainder when 297 is divided by 140?
17
Calculate the remainder when 29 is divided by 6.
5
What is the remainder when 478 is divided by 22?
16
Calculate the remainder when 574 is divided by 25.
24
Calculate the remainder when 4811 is divided by 12.
11
What is the remainder when 10399 is divided by 32?
31
Calculate the remainder when 1253 is divided by 36.
29
What is the remainder when 1442 is divided by 638?
166
Calculate the remainder when 936 is divided by 67.
65
Calculate the remainder when 613 is divided by 85.
18
What is the remainder when 3266 is divided by 43?
41
Calculate the remainder when 154 is divided by 29.
9
What is the remainder when 142 is divided by 38?
28
What is the remainder when 793 is divided by 33?
1
What is the remainder when 35741 is divided by 222?
221
Calculate the remainder when 2492 is divided by 1244.
4
Calculate the remainder when 1332 is divided by 339.
315
What is the remainder when 1010 is divided by 22?
20
What is the remainder when 448 is divided by 150?
148
What is the remainder when 893 is divided by 64?
61
Calculate the remainder when 2404 is divided by 86.
82
Calculate the remainder when 53292 is divided by 19.
16
Calculate the remainder when 2243 is divided by 1109.
25
Calculate the remainder when 26233 is divided by 55.
53
Calculate the remainder when 773 is divided by 39.
32
Calculate the remainder when 381 is divided by 66.
51
Calculate the remainder when 269 is divided by 9.
8
What is the remainder when 309 is divided by 79?
72
Calculate the remainder when 46 is divided by 27.
19
What is the remainder when 2049 is divided by 82?
81
Calculate the remainder when 147 is divided by 38.
33
What is the remainder when 51298 is divided by 108?
106
Calculate the remainder when 600 is divided by 36.
24
Calculate the remainder when 311 is divided by 50.
11
Calculate the remainder when 233 is divided by 13.
12
What is the remainder when 3466 is divided by 1154?
4
Calculate the remainder when 171 is divided by 80.
11
Calculate the remainder when 788 is divided by 6.
2
What is the remainder when 2070 is divided by 34?
30
What is the remainder when 279 is divided by 19?
13
Calculate the remainder when 105 is divided by 12.
9
What is the remainder when 244 is divided by 67?
43
What is the remainder when 101 is divided by 5?
1
What is the remainder when 321 is divided by 110?
101
Calculate the remainder when 4452 is divided by 27.
24
What is the remainder when 7 is divided by 6?
1
Calculate the remainder when 921 is divided by 291.
48
Calculate the remainder when 1403 is divided by 21.
17
Calculate the remainder when 9092 is divided by 17.
14
What is the remainder when 69 is divided by 68?
1
Calculate the remainder when 15310 is divided by 61.
60
Calculate the remainder when 139 is divided by 42.
13
What is the remainder when 199 is divided by 8?
7
Calculate the remainder when 64 is divided by 6.
4
Calculate the remainder when 488 is divided by 61.
0
Calculate the remainder when 310 is divided by 26.
24
Calculate the remainder when 780 is divided by 367.
46
Calculate the remainder when 439 is divided by 26.
23
What is the remainder when 274 is divided by 37?
15
Calculate the remainder when 379 is divided by 67.
44
What is the remainder when 1516 is divided by 755?
6
What is the remainder when 536 is divided by 76?
4
What is the remainder when 675 is divided by 19?
10
Calculate the remainder when 87 is divided by 13.
9
What is the remainder when 217 is divided by 11?
8
Calculate the remainder when 397 is divided by 19.
17
What is the remainder when 1984 is divided by 424?
288
What is the remainder when 464 is divided by 95?
84
Calculate the remainder when 235 is divided by 15.
10
Calculate the remainder when 1104 is divided by 50.
4
Calculate the remainder when 128 is divided by 69.
59
What is the remainder when 112 is divided by 44?
24
Calculate the remainder when 209 is divided by 53.
50
What is the remainder when 108 is divided by 16?
12
What is the remainder when 181 is divided by 7?
6
What is the remainder when 156 is divided by 20?
16
What is the remainder when 118 is divided by 31?
25
Calculate the remainder when 402 is divided by 126.
24
What is the remainder when 392 is divided by 12?
8
Calculate the remainder when 469 is divided by 47.
46
Calculate the remainder when 68 is divided by 16.
4
What is the remainder when 2342 is divided by 67?
64
Calculate the remainder when 395 is divided by 18.
17
Calculate the remainder when 97 is divided by 9.
7
Calculate the remainder when 49 is divided by 29.
20
Calculate the remainder when 222 is divided by 59.
45
Calculate the remainder when 197 is divided by 66.
65
Calculate the remainder when 738 is divided by 718.
20
Calculate the remainder when 1048 is divided by 50.
48
What is the remainder when 7367 is divided by 194?
189
What is the remainder when 66 is divided by 11?
0
Calculate the remainder when 13008 is divided by 148.
132
Calculate the remainder when 6753 is divided by 22.
21
What is the remainder when 150 is divided by 7?
3
Calculate the remainder when 191 is divided by 44.
15
Calculate the remainder when 4235 is divided by 90.
5
Calculate the remainder when 358 is divided by 28.
22
What is the remainder when 6671 is divided by 142?
139
What is the remainder when 4283 is divided by 226?
215
Calculate the remainder when 656 is divided by 94.
92
What is the remainder when 12093 is divided by 72?
69
Calculate the remainder when 37 is divided by 6.
1
Calculate the remainder when 177 is divided by 63.
51
What is the remainder when 489 is divided by 12?
9
What is the remainder when 17 is divided by 7?
3
Calculate the remainder when 355 is divided by 91.
82
What is the remainder when 9695 is divided by 3228?
11
What is the remainder when 2267 is divided by 47?
11
What is the remainder when 375 is divided by 14?
11
What is the remainder when 2129 is divided by 13?
10
Calculate the remainder when 76 is divided by 25.
1
Calculate the remainder when 102 is divided by 21.
18
Calculate the remainder when 81 is divided by 32.
17
What is the remainder when 174 is divided by 25?
24
Calculate the remainder when 71 is divided by 15.
11
Calculate the remainder when 19108 is divided by 78.
76
Calculate the remainder when 705 is divided by 230.
15
What is the remainder when 60 is divided by 18?
6
What is the remainder when 95 is divided by 41?
13
Calculate the remainder when 941 is divided by 18.
5
Calc